ermine x(3).
536
Let t(i) = -1104*i - 19645. Determine t(-18).
227
Let f(n) = 3915*n - 50887. Give f(13).
8
Let a(b) = -b**2 + 4174*b + 70637. Calculate a(-17).
-610
Let z(m) = -1260*m**2 + 1688*m + 1689. What is z(-1)?
-1259
Let q(a) = 11*a**3 - 1777*a**2 + 7865*a - 2361. Determine q(157).
-6
Let a(x) = 34*x**2 - 867*x - 256266. Calculate a(-75).
9
Let u(z) = -z**3 + 115*z**2 + 246*z + 150. What is u(117)?
1554
Let t(n) = n**3 - 60*n**2 - 919*n - 2231. Give t(73).
-41
Let v(f) = -f**2 - 1202*f - 65261. What is v(-57)?
4
Let p(k) = -63869*k + 3065717. Determine p(48).
5
Let l(q) = -4008*q - 68062. Calculate l(-17).
74
Let r(s) = 550*s**2 - 2779*s - 35. Give r(5).
-180
Let c(h) = 2*h**2 + 179*h - 17326. Calculate c(-148).
-10
Let q(w) = 100550*w - 402101. Give q(4).
99
Let m(w) = w**3 - 236*w**2 + 2470*w + 1447. Determine m(225).
322
Let k(h) = h**2 + 174*h - 1853. What is k(10)?
-13
Let x(t) = 3676*t + 62430. Determine x(-17).
-62
Let u(a) = a**3 + 87*a**2 - 428*a - 319. Calculate u(-92).
-3263
Let t(b) = 1007*b + 1003807. What is t(-997)?
-172
Let v(t) = -65467*t - 130944. Calculate v(-2).
-10
Let g(m) = -m**3 + 42*m**2 - 200*m - 626. Determine g(33).
2575
Let p(q) = 30*q**2 + 1191*q + 5961. Determine p(-5).
756
Let y(v) = 31386*v + 502141. Calculate y(-16).
-35
Let c(y) = 997*y + 224103. Calculate c(-225).
-222
Let c(b) = -13030*b - 12893. Determine c(-1).
137
Let n(m) = -14*m**2 - 7949*m + 15888. Give n(2).
-66
Let k(i) = 194*i - 6482. Determine k(49).
3024
Let f(s) = -s**2 + 464*s - 5764. Calculate f(13).
99
Let r(p) = 4*p**2 - 105*p + 693. Calculate r(16).
37
Let p(u) = u**2 + 17064*u + 1628933. Determine p(-96).
5
Let j(a) = -1320*a**2 - 25086*a - 121. Determine j(-19).
-7
Let j(h) = -3607*h + 400270. Determine j(111).
-107
Let p(t) = -3*t**3 - 15*t**2 - 61*t - 84. Determine p(-6).
390
Let v(g) = 60216*g + 180348. Determine v(-3).
-300
Let m(j) = j**3 - 18*j**2 + 123*j + 571. Determine m(-3).
13
Let s(o) = o**2 + 2242*o + 151909. Determine s(-70).
-131
Let c(k) = 6598*k - 6595. Determine c(1).
3
Let t(d) = 76736*d - 920827. Give t(12).
5
Let b(m) = -7010*m - 35063. Calculate b(-5).
-13
Let h(v) = -455*v + 75552. Calculate h(166).
22
Let a(m) = 6*m**3 - 20*m**2 + 11*m - 21. What is a(3)?
-6
Let v(w) = 8744*w - 1285394. Determine v(147).
-26
Let b(q) = -33*q**3 + 101*q**2 - 13*q + 5. What is b(5)?
-1660
Let w(q) = 30*q - 924. Determine w(33).
66
Let q(a) = 2367*a**2 - 9406*a - 99. Calculate q(4).
149
Let y(g) = -37*g + 1. Give y(-14).
519
Let t(a) = 800*a**2 - 126*a - 127. What is t(-1)?
799
Let t(p) = 18*p**2 + 19881*p + 323137. Give t(-1088).
1
Let c(u) = -422977*u - 5921668. Calculate c(-14).
10
Let q(m) = -m**3 + 244*m**2 - 552*m + 75081. Determine q(243).
-6
Let a(f) = 2*f**2 - 414*f - 7192. Give a(225).
908
Let i(p) = -478*p + 82107. Determine i(171).
369
Let k(r) = 3*r**2 + 1722*r + 11896. Determine k(-7).
-11
Let r(y) = 263*y**2 + 2661*y + 325. What is r(-10)?
15
Let d(w) = w**3 - 23*w**2 + 236*w - 5390. What is d(23)?
38
Let t(o) = -278*o**2 + 24107*o + 6865. What is t(87)?
-8
Let n(h) = -h**3 + 17*h**2 - 52*h + 340. What is n(6)?
424
Let f(o) = -78*o + 2868. Give f(11).
2010
Let v(x) = -20*x**2 - 9217*x - 35198. Determine v(-457).
-9
Let q(c) = -c**3 - 105*c**2 - 152*c - 5001. Calculate q(-104).
-9
Let y(l) = -1372*l + 9488. Calculate y(7).
-116
Let q(u) = -11*u**2 - 1796*u - 26604. What is q(-15)?
-2139
Let q(l) = -2*l**2 - 218*l - 3425. Calculate q(-19).
-5
Let t(r) = r**2 - 911*r - 8007. What is t(-9)?
273
Let y(g) = -g**3 + 24*g**2 - 59*g + 114. Calculate y(20).
534
Let p(u) = -76066*u + 456406. Determine p(6).
10
Let h(q) = 3*q**3 + 52*q**2 + 68*q - 4. Give h(-5).
581
Let d(h) = -3*h**3 - 2*h**2 - 77*h + 1. Give d(-6).
1039
Let p(t) = 3*t**3 + 36*t**2 + 44*t - 151. What is p(-10)?
9
Let k(t) = 22852*t - 662712. Determine k(29).
-4
Let q(w) = 111*w**2 + 950*w - 6735. Give q(7).
5354
Let d(w) = -w**3 - 11*w**2 + 131*w + 3070. What is d(14)?
4
Let g(v) = -6*v**2 - 1273*v - 27234. Determine g(-188).
26
Let b(q) = -q + 84. Give b(132).
-48
Let f(p) = -4014*p - 441579. Calculate f(-110).
-39
Let c(b) = 352*b**2 - 2086*b + 1615. Determine c(5).
-15
Let g(k) = -2*k**3 - 291*k**2 - 4912*k + 237. What is g(-126)?
-15
Let o(s) = -9*s**2 + 141*s - 449. What is o(4)?
-29
Let a(z) = 15541*z - 419613. Determine a(27).
-6
Let x(z) = 35326*z - 1201061. Give x(34).
23
Let x(f) = -84*f + 706. Give x(4).
370
Let f(b) = 340*b + 27875. What is f(-82)?
-5
Let v(d) = -50115*d - 300695. Calculate v(-6).
-5
Let x(b) = 2*b**2 - 333*b + 12579. Determine x(72).
-1029
Let s(v) = 20*v**3 - 11*v**2 - 248*v - 679. Determine s(-3).
-574
Let n(q) = 38*q - 561. Give n(3).
-447
Let z(b) = -2*b**3 + 10*b**2 + 193*b - 1463. Determine z(7).
-308
Let v(x) = -58*x**3 + 13*x**2 + 61*x + 47. What is v(-3)?
1547
Let x(p) = 911*p - 51900. Give x(57).
27
Let y(k) = k**2 + 19*k - 2268. Give y(47).
834
Let w(f) = -1613*f - 48350. Give w(-27).
-4799
Let j(f) = -646986*f + 1940976. What is j(3)?
18
Let i(v) = -1682*v + 65634. Determine i(39).
36
Let k(b) = -23303*b + 23413. Determine k(1).
110
Let g(j) = -53*j**2 + 45*j + 96. Calculate g(-1).
-2
Let j(l) = 41*l**2 + 3705*l - 491. Calculate j(-91).
1875
Let l(w) = -83*w**2 + 23906*w - 601. Calculate l(288).
-25
Let d(j) = 11523*j + 8826620. Give d(-766).
2
Let m(u) = -u**2 - 7378*u + 7634155. What is m(920)?
-5
Let k(p) = 538*p**2 - 641*p - 1287. Calculate k(-2).
2147
Let l(x) = -x**2 - 21*x - 289. Give l(-21).
-289
Let l(y) = -y**2 + 8327*y - 3087841. Calculate l(389).
41
Let i(t) = 3*t**3 + 371*t**2 - 560*t - 7490. Determine i(-125).
10
Let u(q) = 6*q**2 - 21422*q - 42839. Calculate u(-2).
29
Let t(h) = -1202*h - 6970. Calculate t(-6).
242
Let n(m) = -3*m**2 + 646*m - 17718. What is n(183)?
33
Let l(i) = -3*i**2 - 1185*i - 79650. Give l(-309).
72
Let r(l) = l**3 + 710*l**2 + 68930*l + 3008. Give r(-116).
-8
Let h(c) = -307673*c + 923092. What is h(3)?
73
Let k(o) = 4566097*o + 27396569. Determine k(-6).
-13
Let a(f) = 512*f - 21246. Calculate a(42).
258
Let n(a) = 17283*a + 120964. Calculate n(-7).
-17
Let r(u) = u**3 - 2*u**2 - 1097*u - 809. What is r(0)?
-809
Let w(q) = 2010*q + 76391. Determine w(-38).
11
Let i(c) = c**3 - 17*c**2 + 201*c - 2962. Calculate i(15).
-397
Let j(f) = -f**2 - 1561*f + 46119. Determine j(29).
9
Let t(k) = -k**2 + 465*k - 48360. Determine t(156).
-156
Let f(v) = v**3 + 157*v**2 + 1318*v - 2093. Determine f(-148).
-21
Let f(o) = 11827*o + 82789. What is f(-7)?
0
Let g(r) = -4*r**3 + 244*r**2 + 509*r - 331. What is g(63)?
-16
Let n(b) = -4*b**2 + 796*b - 6920. Determine n(9).
-80
Let a(h) = -192*h + 11987. Give a(48).
2771
Let p(n) = n**3 - 28*n**2 - 51*n - 267. Calculate p(30).
3
Let t(l) = 2*l**2 + 471*l + 27716. Give t(-114).
14
Let v(y) = -2*y**2 - 18095*y - 36183. Give v(-2).
-1
Let b(o) = 132594*o + 8353417. Calculate b(-63).
-5
Let f(y) = y**3 + 70*y**2 + 572*y + 4339. Give f(-62).
-373
Let c(t) = t**3 + 32*t**2 - 673*t - 7287. Give c(20).
53
Let q(c) = c**2 + 577*c + 6956. Give q(-13).
-376
Let t(y) = -5*y**2 - 59*y - 382. Determine t(-7).
-214
Let v(s) = 1543*s + 160490. Give v(-104).
18
Let y(v) = -143*v**2 + 50*v + 18. Give y(2).
-454
Let f(t) = -29596*t - 147942. Give f(-5).
38
Let v(a) = 141*a**2 - 1272*a + 47. Give v(9).
20
Let l(t) = t**3 - 111*t**2 - 8*t + 905. Calculate l(111).
17
Let f(m) = -17571*m**2 - 2161230*m + 371. Determine f(-123).
2
Let s(z) = -2*z**2 + 3116*z + 28176. Determine s(-9).
-30
Let i(t) = t**3 + 25*t**2 - 104*t + 15. What is i(-29)?
-333
Let i(v) = -2*v**2 + 293*v - 5910. What is i(141)?
-4359
Let p(d) = -13706*d - 3344274. Determine p(-244).
-10
Let r(h) = 6356*h + 28081. Calculate r(-4).
2657
Let b(s) = -s**3 + 256*s**2 - 175*s - 20393. Calculate b(255).
7
Let n(m) = -m**3 - 124*m**2 + 288*m + 4555. Give n(-126).
19
Let a(k) = -k**3 + 34*k**2 - 67*k + 88. Give a(32).
-8
Let z(i) = 174*i**2 - 76737*i + 1249. Determine z(441).
-74
Let s(n) = -n**2 - 529*n + 16131. Calculate s(30).
-639
Let s(c) = -2*c**2 - 6986*c + 987084. Calculate s(136).
-4
Let z(o) = -90*o**2 - 217*o - 103. Give z(-2).
-29
Let f(a) = 22*a**2 + 1534*a + 1092. Give f(-69).
-12
Let x(d) = -12*d**3 + 38*d**2 + 4*d - 11. What is x(3)?
19
Let x(u) = 3*u**3 - 157*u**2 - 98*u + 147. Calculat